 988962 is divided by 167?
155
Calculate the remainder when 10990077 is divided by 1280.
1277
What is the remainder when 410049 is divided by 309?
6
Calculate the remainder when 190151 is divided by 3947.
695
What is the remainder when 20394944 is divided by 9?
8
What is the remainder when 7351856 is divided by 1766?
1764
Calculate the remainder when 1975909 is divided by 395178.
19
Calculate the remainder when 64065 is divided by 3763.
94
Calculate the remainder when 2748026 is divided by 1303.
1302
What is the remainder when 110277 is divided by 27476?
373
Calculate the remainder when 594045 is divided by 973.
515
Calculate the remainder when 3255849 is divided by 12.
9
What is the remainder when 8534558 is divided by 4041?
4007
What is the remainder when 77498 is divided by 3096?
98
What is the remainder when 133150 is divided by 5145?
4525
Calculate the remainder when 5560 is divided by 301.
142
Calculate the remainder when 2572054 is divided by 390.
4
Calculate the remainder when 359583 is divided by 179089.
1405
Calculate the remainder when 514615 is divided by 19773.
517
Calculate the remainder when 599907 is divided by 39992.
27
What is the remainder when 52743822 is divided by 152?
126
What is the remainder when 17539195 is divided by 5846394?
13
Calculate the remainder when 152191717 is divided by 1914.
7
Calculate the remainder when 164306 is divided by 225.
56
Calculate the remainder when 779655 is divided by 3496.
47
What is the remainder when 8344653 is divided by 1336?
1333
Calculate the remainder when 6420987 is divided by 229.
56
Calculate the remainder when 101074 is divided by 12.
10
Calculate the remainder when 1734090 is divided by 32.
10
Calculate the remainder when 548636 is divided by 109716.
56
Calculate the remainder when 222399 is divided by 222307.
92
What is the remainder when 34990 is divided by 8739?
34
Calculate the remainder when 197780 is divided by 35.
30
Calculate the remainder when 2804586 is divided by 38.
34
What is the remainder when 17420015 is divided by 1527?
1526
Calculate the remainder when 85247122 is divided by 427.
415
Calculate the remainder when 917323 is divided by 275.
198
What is the remainder when 457002 is divided by 456881?
121
Calculate the remainder when 137208 is divided by 778.
280
What is the remainder when 77123453 is divided by 422?
421
What is the remainder when 130172 is divided by 25977?
287
What is the remainder when 14905 is divided by 649?
627
What is the remainder when 296799 is divided by 80?
79
What is the remainder when 110247898 is divided by 564?
562
What is the remainder when 42420 is divided by 14093?
141
Calculate the remainder when 47554 is divided by 23776.
2
Calculate the remainder when 280881 is divided by 6106.
5
Calculate the remainder when 21221705 is divided by 196.
1
What is the remainder when 829622 is divided by 207390?
62
What is the remainder when 6570588 is divided by 6570564?
24
Calculate the remainder when 4092493 is divided by 14.
13
Calculate the remainder when 18999781 is divided by 33.
31
What is the remainder when 101682329 is divided by 672?
665
What is the remainder when 5681558 is divided by 263?
232
What is the remainder when 48123686 is divided by 70?
16
Calculate the remainder when 53419 is divided by 2202.
571
Calculate the remainder when 20345 is divided by 6657.
374
Calculate the remainder when 96914950 is divided by 8.
6
What is the remainder when 187689 is divided by 1183?
775
What is the remainder when 6504072 is divided by 1153?
1152
Calculate the remainder when 2002699 is divided by 528.
523
What is the remainder when 973458 is divided by 12?
6
Calculate the remainder when 1953098 is divided by 1953097.
1
What is the remainder when 32238514 is divided by 92110?
14
Calculate the remainder when 402672 is divided by 79818.
3582
What is the remainder when 7358691 is divided by 803?
802
What is the remainder when 5437495 is divided by 17?
11
What is the remainder when 40542861 is divided by 1108?
33
What is the remainder when 296823 is divided by 2033?
5
Calculate the remainder when 320002 is divided by 16000.
2
Calculate the remainder when 2876278 is divided by 1207.
1204
What is the remainder when 27395436 is divided by 124?
116
Calculate the remainder when 32222 is divided by 703.
587
Calculate the remainder when 17529 is divided by 59.
6
What is the remainder when 939386 is divided by 28?
14
Calculate the remainder when 17992233 is divided by 5997408.
9
What is the remainder when 8605607 is divided by 6?
5
What is the remainder when 4529 is divided by 3070?
1459
What is the remainder when 3960669 is divided by 3960389?
280
Calculate the remainder when 1014196 is divided by 1841.
1646
Calculate the remainder when 24467 is divided by 563.
258
What is the remainder when 662427 is divided by 82795?
67
Calculate the remainder when 1206327 is divided by 7.
3
What is the remainder when 304664368 is divided by 834?
832
What is the remainder when 2146670 is divided by 82564?
6
Calculate the remainder when 6365106 is divided by 1715.
741
Calculate the remainder when 1313237 is divided by 282.
245
What is the remainder when 394154 is divided by 49269?
2
What is the remainder when 8080636 is divided by 260?
96
What is the remainder when 221282 is divided by 370?
22
Calculate the remainder when 54912 is divided by 6850.
112
What is the remainder when 2271965 is divided by 252434?
59
Calculate the remainder when 2468823 is divided by 352685.
28
Calculate the remainder when 1476360 is divided by 295202.
350
What is the remainder when 25352 is divided by 2036?
920
Calculate the remainder when 14024285 is divided by 1886.
1875
Calculate the remainder when 29449 is divided by 809.
325
Calculate the remainder when 339648 is divided by 101.
86
Calculate the remainder when 58827211 is divided by 190.
171
Calculate the remainder when 1643608 is divided by 130.
18
What is the remainder when 7731982 is divided by 297383?
24
What is the remainder when 1365125 is divided by 68250?
125
What is the remainder when 4827795 is divided by 114?
9
Calculate the remainder when 4886423 is divided by 80105.
18
Calculate the remainder when 24705323 is divided by 285.
98
What is the remainder when 10724331 is divided by 11421?
12
What is the remainder when 471945 is divided by 363?
45
Calculate the remainder when 439070 is divided by 44.
38
Calculate the remainder when 106060 is divided by 6622.
108
What is the remainder when 260557127 is divided by 35?
12
Calculate the remainder when 173967 is divided by 4564.
535
Calculate the remainder when 3734815 is divided by 1244937.
4
What is the remainder when 7914019 is divided by 416526?
25
Calculate the remainder when 210101 is divided by 698.
3
What is the remainder when 270173 is divided by 66720?
3293
Calculate the remainder when 11449330 is divided by 5724640.
50
What is the remainder when 17903 is divided by 1327?
652
Calculate the remainder when 2646753 is divided by 1433.
2
What is the remainder when 231905 is divided by 820?
665
What is the remainder when 5887958 is divided by 654217?
5
What is the remainder when 8961693 is divided by 963?
15
Calculate the remainder when 78316 is divided by 31.
10
What is the remainder when 6852222 is divided by 1142020?
102
What is the remainder when 1428515 is divided by 602?
571
Calculate the remainder when 1708823 is divided by 2081.
322
What is the remainder when 5264754 is divided by 7?
5
What is the remainder when 1167008 is divided by 3789?
3785
What is the remainder when 1176 is divided by 1001?
175
Calculate the remainder when 12176922 is divided by 2039.
14
What is the remainder when 803184 is divided by 1915?
799
Calculate the remainder when 388923427 is divided by 1076.
1075
Calculate the remainder when 151467 is divided by 75479.
509
Calculate the remainder when 4462023 is divided by 350.
223
What is the remainder when 372446495 is divided by 662?
661
Calculate the remainder when 999114 is divided by 1914.
6
What is the remainder when 72111704 is divided by 36055847?
10
Calculate the remainder when 6268156 is divided by 59.
55
Calculate the remainder when 9485435 is divided by 12.
11
What is the remainder when 2886367 is divided by 538?
535
Calculate the remainder wh